{"id":1169,"date":"2025-02-25T13:15:47","date_gmt":"2025-02-25T12:15:47","guid":{"rendered":"https:\/\/immix.cz\/kontakty\/"},"modified":"2026-04-16T11:35:00","modified_gmt":"2026-04-16T09:35:00","slug":"kontakty","status":"publish","type":"page","link":"https:\/\/immix.cz\/en\/kontakty\/","title":{"rendered":"Contact us"},"content":{"rendered":"","protected":false},"excerpt":{"rendered":"","protected":false},"author":8,"featured_media":0,"parent":0,"menu_order":0,"comment_status":"closed","ping_status":"closed","template":"page-templates\/contact.php","meta":{"_acf_changed":false,"footnotes":""},"class_list":["post-1169","page","type-page","status-publish","hentry"],"acf":[],"yoast_head":"<!-- This site is optimized with the Yoast SEO plugin v25.6 - https:\/\/yoast.com\/wordpress\/plugins\/seo\/ -->\n<title>Contact us - Veletr\u017en\u00ed logistika a mezin\u00e1rodn\u00ed spedice | IMMIX.cz<\/title>\n<meta name=\"robots\" content=\"index, follow, max-snippet:-1, max-image-preview:large, max-video-preview:-1\" \/>\n<link rel=\"canonical\" href=\"https:\/\/immix.cz\/en\/kontakty\/\" \/>\n<meta property=\"og:locale\" content=\"en_US\" \/>\n<meta property=\"og:type\" content=\"article\" \/>\n<meta property=\"og:title\" content=\"Contact us - Veletr\u017en\u00ed logistika a mezin\u00e1rodn\u00ed spedice | IMMIX.cz\" \/>\n<meta property=\"og:url\" content=\"https:\/\/immix.cz\/en\/kontakty\/\" \/>\n<meta property=\"og:site_name\" content=\"Veletr\u017en\u00ed logistika a mezin\u00e1rodn\u00ed spedice | IMMIX.cz\" \/>\n<meta property=\"article:modified_time\" content=\"2026-04-16T09:35:00+00:00\" \/>\n<meta name=\"twitter:card\" content=\"summary_large_image\" \/>\n<script type=\"application\/ld+json\" class=\"yoast-schema-graph\">{\"@context\":\"https:\/\/schema.org\",\"@graph\":[{\"@type\":\"WebPage\",\"@id\":\"https:\/\/immix.cz\/en\/kontakty\/\",\"url\":\"https:\/\/immix.cz\/en\/kontakty\/\",\"name\":\"Contact us - Veletr\u017en\u00ed logistika a mezin\u00e1rodn\u00ed spedice | IMMIX.cz\",\"isPartOf\":{\"@id\":\"https:\/\/immix.cz\/en\/#website\"},\"datePublished\":\"2025-02-25T12:15:47+00:00\",\"dateModified\":\"2026-04-16T09:35:00+00:00\",\"breadcrumb\":{\"@id\":\"https:\/\/immix.cz\/en\/kontakty\/#breadcrumb\"},\"inLanguage\":\"en-US\",\"potentialAction\":[{\"@type\":\"ReadAction\",\"target\":[\"https:\/\/immix.cz\/en\/kontakty\/\"]}]},{\"@type\":\"BreadcrumbList\",\"@id\":\"https:\/\/immix.cz\/en\/kontakty\/#breadcrumb\",\"itemListElement\":[{\"@type\":\"ListItem\",\"position\":1,\"name\":\"Dom\u016f\",\"item\":\"https:\/\/immix.cz\/en\/\"},{\"@type\":\"ListItem\",\"position\":2,\"name\":\"Contact us\"}]},{\"@type\":\"WebSite\",\"@id\":\"https:\/\/immix.cz\/en\/#website\",\"url\":\"https:\/\/immix.cz\/en\/\",\"name\":\"Veletr\u017en\u00ed logistika a mezin\u00e1rodn\u00ed spedice | IMMIX.cz\",\"description\":\"V IMMIX se zam\u011b\u0159ujeme na poskytov\u00e1n\u00ed \u0161pi\u010dkov\u00fdch slu\u017eeb z oblast\u00ed veletr\u017en\u00ed logistiky, mezin\u00e1rodn\u00ed spedice, skladov\u00e1n\u00ed a v r\u00e1mci dal\u0161\u00edch p\u0159idru\u017een\u00fdch \u010dinnost\u00ed.\",\"potentialAction\":[{\"@type\":\"SearchAction\",\"target\":{\"@type\":\"EntryPoint\",\"urlTemplate\":\"https:\/\/immix.cz\/en\/?s={search_term_string}\"},\"query-input\":{\"@type\":\"PropertyValueSpecification\",\"valueRequired\":true,\"valueName\":\"search_term_string\"}}],\"inLanguage\":\"en-US\"}]}<\/script>\n<!-- \/ Yoast SEO plugin. -->","yoast_head_json":{"title":"Contact us - Veletr\u017en\u00ed logistika a mezin\u00e1rodn\u00ed spedice | IMMIX.cz","robots":{"index":"index","follow":"follow","max-snippet":"max-snippet:-1","max-image-preview":"max-image-preview:large","max-video-preview":"max-video-preview:-1"},"canonical":"https:\/\/immix.cz\/en\/kontakty\/","og_locale":"en_US","og_type":"article","og_title":"Contact us - Veletr\u017en\u00ed logistika a mezin\u00e1rodn\u00ed spedice | IMMIX.cz","og_url":"https:\/\/immix.cz\/en\/kontakty\/","og_site_name":"Veletr\u017en\u00ed logistika a mezin\u00e1rodn\u00ed spedice | IMMIX.cz","article_modified_time":"2026-04-16T09:35:00+00:00","twitter_card":"summary_large_image","schema":{"@context":"https:\/\/schema.org","@graph":[{"@type":"WebPage","@id":"https:\/\/immix.cz\/en\/kontakty\/","url":"https:\/\/immix.cz\/en\/kontakty\/","name":"Contact us - Veletr\u017en\u00ed logistika a mezin\u00e1rodn\u00ed spedice | IMMIX.cz","isPartOf":{"@id":"https:\/\/immix.cz\/en\/#website"},"datePublished":"2025-02-25T12:15:47+00:00","dateModified":"2026-04-16T09:35:00+00:00","breadcrumb":{"@id":"https:\/\/immix.cz\/en\/kontakty\/#breadcrumb"},"inLanguage":"en-US","potentialAction":[{"@type":"ReadAction","target":["https:\/\/immix.cz\/en\/kontakty\/"]}]},{"@type":"BreadcrumbList","@id":"https:\/\/immix.cz\/en\/kontakty\/#breadcrumb","itemListElement":[{"@type":"ListItem","position":1,"name":"Dom\u016f","item":"https:\/\/immix.cz\/en\/"},{"@type":"ListItem","position":2,"name":"Contact us"}]},{"@type":"WebSite","@id":"https:\/\/immix.cz\/en\/#website","url":"https:\/\/immix.cz\/en\/","name":"Veletr\u017en\u00ed logistika a mezin\u00e1rodn\u00ed spedice | IMMIX.cz","description":"V IMMIX se zam\u011b\u0159ujeme na poskytov\u00e1n\u00ed \u0161pi\u010dkov\u00fdch slu\u017eeb z oblast\u00ed veletr\u017en\u00ed logistiky, mezin\u00e1rodn\u00ed spedice, skladov\u00e1n\u00ed a v r\u00e1mci dal\u0161\u00edch p\u0159idru\u017een\u00fdch \u010dinnost\u00ed.","potentialAction":[{"@type":"SearchAction","target":{"@type":"EntryPoint","urlTemplate":"https:\/\/immix.cz\/en\/?s={search_term_string}"},"query-input":{"@type":"PropertyValueSpecification","valueRequired":true,"valueName":"search_term_string"}}],"inLanguage":"en-US"}]}},"_links":{"self":[{"href":"https:\/\/immix.cz\/en\/wp-json\/wp\/v2\/pages\/1169","targetHints":{"allow":["GET"]}}],"collection":[{"href":"https:\/\/immix.cz\/en\/wp-json\/wp\/v2\/pages"}],"about":[{"href":"https:\/\/immix.cz\/en\/wp-json\/wp\/v2\/types\/page"}],"author":[{"embeddable":true,"href":"https:\/\/immix.cz\/en\/wp-json\/wp\/v2\/users\/8"}],"replies":[{"embeddable":true,"href":"https:\/\/immix.cz\/en\/wp-json\/wp\/v2\/comments?post=1169"}],"version-history":[{"count":10,"href":"https:\/\/immix.cz\/en\/wp-json\/wp\/v2\/pages\/1169\/revisions"}],"predecessor-version":[{"id":1695,"href":"https:\/\/immix.cz\/en\/wp-json\/wp\/v2\/pages\/1169\/revisions\/1695"}],"wp:attachment":[{"href":"https:\/\/immix.cz\/en\/wp-json\/wp\/v2\/media?parent=1169"}],"curies":[{"name":"wp","href":"https:\/\/api.w.org\/{rel}","templated":true}]}}

<!-- This site is optimized with the Yoast SEO plugin v25.6 - https://yoast.com/wordpress/plugins/seo/ -->
<title>Contact us - Veletržní logistika a mezinárodní spedice | IMMIX.cz</title>
<meta name="robots" content="index, follow, max-snippet:-1, max-image-preview:large, max-video-preview:-1" />
<link rel="canonical" href="https://immix.cz/en/kontakty/" />
<meta property="og:locale" content="en_US" />
<meta property="og:type" content="article" />
<meta property="og:title" content="Contact us - Veletržní logistika a mezinárodní spedice | IMMIX.cz" />
<meta property="og:url" content="https://immix.cz/en/kontakty/" />
<meta property="og:site_name" content="Veletržní logistika a mezinárodní spedice | IMMIX.cz" />
<meta property="article:modified_time" content="2026-04-16T09:35:00+00:00" />
<meta name="twitter:card" content="summary_large_image" />
<script type="application/ld+json" class="yoast-schema-graph">{"@context":"https://schema.org","@graph":[{"@type":"WebPage","@id":"https://immix.cz/en/kontakty/","url":"https://immix.cz/en/kontakty/","name":"Contact us - Veletržní logistika a mezinárodní spedice | IMMIX.cz","isPartOf":{"@id":"https://immix.cz/en/#website"},"datePublished":"2025-02-25T12:15:47+00:00","dateModified":"2026-04-16T09:35:00+00:00","breadcrumb":{"@id":"https://immix.cz/en/kontakty/#breadcrumb"},"inLanguage":"en-US","potentialAction":[{"@type":"ReadAction","target":["https://immix.cz/en/kontakty/"]}]},{"@type":"BreadcrumbList","@id":"https://immix.cz/en/kontakty/#breadcrumb","itemListElement":[{"@type":"ListItem","position":1,"name":"Domů","item":"https://immix.cz/en/"},{"@type":"ListItem","position":2,"name":"Contact us"}]},{"@type":"WebSite","@id":"https://immix.cz/en/#website","url":"https://immix.cz/en/","name":"Veletržní logistika a mezinárodní spedice | IMMIX.cz","description":"V IMMIX se zaměřujeme na poskytování špičkových služeb z oblastí veletržní logistiky, mezinárodní spedice, skladování a v rámci dalších přidružených činností.","potentialAction":[{"@type":"SearchAction","target":{"@type":"EntryPoint","urlTemplate":"https://immix.cz/en/?s={search_term_string}"},"query-input":{"@type":"PropertyValueSpecification","valueRequired":true,"valueName":"search_term_string"}}],"inLanguage":"en-US"}]}</script>
<!-- / Yoast SEO plugin. -->

Contact us - Veletržní logistika a mezinárodní spedice | IMMIX.cz

Veletržní logistika a mezinárodní spedice | IMMIX.cz

Domů

V IMMIX se zaměřujeme na poskytování špičkových služeb z oblastí veletržní logistiky, mezinárodní spedice, skladování a v rámci dalších přidružených činností.
